)?
47
Let g(h) = h**3 - 5*h**2 + 7*h - 6. What are the prime factors of g(5)?
29
Let d = 8 + -7. What are the prime factors of d*(25 + 1 + -4)?
2, 11
Suppose 0 = -s - 5, 30 = 5*p + 3*s - s. What are the prime factors of p?
2
Suppose 5*i + 26 = -3*n + i, -i + 5 = -5*n. Let h = 0 - n. List the prime factors of h.
2
Suppose 11 + 1 = -2*a. Let w = 1 - a. What are the prime factors of w?
7
Let l be 42/9*3 - -2. List the prime factors of -4*(-10)/l*2.
5
Suppose r = 4*r + 9. Let g be -1 - r - 1*-10. Let c = g - -2. What are the prime factors of c?
2, 7
Let v = -269 - -465. Suppose o + 2*l = 84, -2*o - l - 43 = -v. Suppose q = -4*m + 84, 4*m - o = -4*q - 2. List the prime factors of m.
2, 11
Let z = 1 + 1. Suppose -2*s - z = -12. Suppose -g - 4*c + 2*c = -14, -s*c + 45 = 5*g. List the prime factors of g.
2
Suppose 0 = 3*c + 10 - 28. Suppose 3*j - 2*j = c. What are the prime factors of 112/11 + j/(-33)?
2, 5
Let n(f) = -f**2 - f + 9. Let y(z) = z**2 - 9*z + 8. Let a be y(8). What are the prime factors of n(a)?
3
Suppose 167 = 5*p - 2*l - 64, -4*p - 3*l + 171 = 0. List the prime factors of p.
3, 5
Let t(j) = -j**3 + 8*j**2 + j - 6. Let s be t(8). Suppose 3*p = -s*p + 245. List the prime factors of p.
7
Let h(r) = r**2 - 2*r - 3. Let x be h(5). Let g be 12*((-105)/x)/5. Let u = g + 34. What are the prime factors of u?
13
Let u be (8 - 6)*(-4)/(-2). Suppose -4*q = -8, -n + 2*q = -3*q - u. What are the prime factors of n?
2, 7
Let w(k) = -2*k - 3. Let m = -25 + 13. List the prime factors of w(m).
3, 7
Let k(l) = l + 11. What are the prime factors of k(-9)?
2
Let z(p) = -p**2 - p - 14. Let d(c) = c**2 + 15. Let f(i) = -5*d(i) - 6*z(i). Let j be f(-7). Let x = j - 6. What are the prime factors of x?
2, 5
Let a(w) = 3*w**2 + 6*w + 2. Let n be a(-2). Suppose -n*d - 3*t + 129 - 37 = 0, -104 = -3*d + 4*t. List the prime factors of d.
2, 5
Let d(v) = v**3 - 6*v**2 + 6*v - 4. Let x be d(5). Let m = -1 - x. What are the prime factors of (-148)/(-16) + m/8?
3
Suppose -4*b - 5*y + 40 = 0, b + 2*y - 67 = -4*b. Let x = b - -9. Let k = x - 13. List the prime factors of k.
11
Suppose -i - 2 = -4. What are the prime factors of (i/2)/(7/91)?
13
Let c(l) be the second derivative of -l**3/3 - l**2 - l. List the prime factors of c(-4).
2, 3
Suppose 24 + 10 = 2*r. Suppose -p - m = -16, -2*m + 3 = p - r. What are the prime factors of p?
2, 3
Suppose 2*u - d - 113 = -u, -u + 36 = -2*d. List the prime factors of u.
2, 19
Let s(h) = h**2 + h + 8. Let c be s(0). Let a be ((-55)/(-2))/(4/c). Let v = -34 + a. List the prime factors of v.
3, 7
Let g = 107 + -41. Suppose 6*f = 3*f + g. List the prime factors of f.
2, 11
Let w = -30 - -48. List the prime factors of w.
2, 3
Let s = -9 - -28. Suppose 1 = 5*t - s. Suppose -t*g = g - 80. List the prime factors of g.
2
Suppose -3*k + 4*f + 30 = 0, 4*k - f + 10 = 63. What are the prime factors of k?
2, 7
Suppose 5*j - 8*j = -264. List the prime factors of j.
2, 11
Suppose -58*p + 59*p - 187 = 0. What are the prime factors of p?
11, 17
Let c = 23 + 18. List the prime factors of c.
41
What are the prime factors of 2816/36 + 4/(-18)?
2, 3, 13
Let c(k) = -k**2 + 7*k - 4. Let x be c(6). Suppose -2*t + b = x*b + 4, 1 = -t - b. What are the prime factors of -3 + (15 - t) + 3?
2, 3
Suppose o = -2*n + 39, 0*n - 4*o + 23 = n. List the prime factors of n.
19
Suppose 65 = 3*y + 4*s, 4*y - 124 = 5*s - s. What are the prime factors of y?
3
Suppose -5*y + 30 - 5 = 0. Suppose -3*o + 5*r - 31 = 3*r, y*r = 5*o + 60. Let m = o - -10. List the prime factors of m.
3
List the prime factors of 3*(-28)/(-12) - -4.
11
Let g(q) = -3*q. Let s be g(-1). List the prime factors of (45/s)/((-3)/(-3)).
3, 5
Suppose o + 181 = 2*g, 3*o + 103 = g + 5*o. Suppose -g = -3*k + 75. What are the prime factors of k?
2, 7
Let o = -143 + 240. What are the prime factors of o?
97
Let u = 29 + 8. Let o = 65 - u. What are the prime factors of o?
2, 7
Let g = 357 + -65. List the prime factors of g.
2, 73
Let f(n) = 3*n + 19. List the prime factors of f(6).
37
Let f(h) = -h - 1. Let d(y) = 6*y + 5. Let r(m) = -6*d(m) - 34*f(m). List the prime factors of r(-9).
2, 11
Let g(d) = d**2 + 8*d - 11. Let a be (-82)/10 - 7/(-35). Let w be g(a). Let p = 19 + w. What are the prime factors of p?
2
Let a be 6*((-10)/(-4) - 2). Suppose 0 = a*t - 90 - 75. Suppose t = i + 4*i. What are the prime factors of i?
11
Let j(i) = i**2 - 2*i - 2. Let s be 90/21 + 2/(-7). Let h be j(s). Let g(q) = 2*q - 8. List the prime factors of g(h).
2
Suppose 0 = -f + 4*z + 15, -2*z + 6*z = 2*f - 34. List the prime factors of f.
19
Suppose 1 - 2 = l, -2*g + 4*l = 0. Let y = 3 - -8. Let n = g + y. List the prime factors of n.
3
Let o(a) = 59*a - 1. Let x be o(1). Let q = -40 + x. List the prime factors of q.
2, 3
Let t = 90 - 38. List the prime factors of t.
2, 13
Let g(l) = -l**3 - 8*l**2 + 9*l + 4. Let y be g(-9). Suppose 3*q = -3*x + q + 55, 66 = y*x - q. List the prime factors of x.
17
Suppose -26 = 2*x - 82. What are the prime factors of x?
2, 7
Suppose 3*s - 1 + 4 = 0, 0 = 4*n - 5*s - 5. Suppose 2*x + 4*i + 14 = 5*x, n = x - 3*i - 3. Suppose 3*f = 21 + x. What are the prime factors of f?
3
Suppose 5*p + 4*n + 17 = 0, n = -4*p - 27 + 9. List the prime factors of (-1)/(11/p + 2).
5
Suppose -2*t + 2*d + 142 = t, 2*d = t - 54. List the prime factors of t.
2, 11
Let s(j) = 4 - 3*j + 0*j + 2*j. Let h be s(4). Suppose 0 = -h*n - n + 8. What are the prime factors of n?
2
Let c(s) = 5*s - 3. Let u be c(3). Suppose 0 = q + 3*q - u. List the prime factors of q.
3
Let b be 1/4 + 54/8. Let a(u) = -u**2 + 6*u + 9. List the prime factors of a(b).
2
Let f(x) = x**3 + 5*x**2 - 5*x + 5. Let j be f(-6). Let i be (j - -7)/3 + -8. List the prime factors of (-3)/(9/i) - -13.
3, 5
Suppose 6*d - 1570 = -382. What are the prime factors of d?
2, 3, 11
Let i = 54 + 66. List the prime factors of i.
2, 3, 5
Let h(z) = -5. Let a(o) = o + 5. Let i(d) = -5*a(d) - 4*h(d). Let r be i(-4). Let s = r + -6. List the prime factors of s.
3
Suppose -3*r - a = -182, 121 = -r + 3*r + a. What are the prime factors of r?
61
Let u be (-1 - 0)*(1 - 4). List the prime factors of (-1*1)/(u/(-54)).
2, 3
What are the prime factors of 14/35 - 13/(-5)?
3
Suppose -4*m - 2*t + 142 = 0, 136 - 31 = 3*m + 3*t. List the prime factors of m.
2, 3
Let x(b) = -b**3 - 4*b**2 - b - 2. Let y be x(-4). Suppose -4*o + 4 = c + 22, 4*c + y*o + 2 = 0. What are the prime factors of c/6*(1 - -14)?
5
Suppose -5*o + 28 = 4*t, -6*o + 24 = 2*t - o. Suppose 3*b = -t*b + 25. Suppose -14 = s + b*z, z = -s + 2 + 4. What are the prime factors of s?
11
Suppose -5*h + 2*w = -30, -4*w = -4*h + 2*h + 28. List the prime factors of h.
2
Suppose h - 2 = -2*c, 3*c + 0*c - 4 = -2*h. Let l = c - 1. Let i(d) = -4*d. What are the prime factors of i(l)?
2
Let u(b) = 4*b**2 + 7*b - 5. What are the prime factors of u(-8)?
3, 5, 13
Suppose -2*z + 177 = -z + 4*h, -3*h = -4*z + 746. List the prime factors of z.
5, 37
Let a(r) be the second derivative of r**4/6 - r**2/2 - r. Let c be a(1). List the prime factors of (-42)/(-4) + c/(-2).
2, 5
Let h(b) be the first derivative of -b**2/2 + 3. Let v(g) = 2*g + 9. Let a be v(-6). List the prime factors of h(a).
3
Let x be 50/6 + (-2)/6. Let d = -5 + x. What are the prime factors of d?
3
Let k be ((-6)/4)/((-9)/12). Let c be k/4 + 18/4. Suppose -21 - 29 = -c*t. List the prime factors of t.
2, 5
Let i = -7 - 0. Let k = i - -10. Suppose 2*f + a = -0*f + 1, k*a + 11 = f. What are the prime factors of f?
2
Let r = 11 + -9. Suppose 0 = -r*h + 5*c - 17, -2*h + 4*c - 7 = c. What are the prime factors of h?
2
List the prime factors of (-1141)/(-2)*76/133.
2, 163
Suppose -v + 2 + 3 = 0. Suppose o - 21 + v = 0. What are the prime factors of o?
2
Let k be (-1 - -2) + 2 + 11. Suppose -4*x + k = -6. Suppose 0 = -3*f - x*m + 30, 2*f + 3*f - 3*m = 50. List the prime factors of f.
2, 5
Let z(b) = -b**2 + b + 1. Let h(r) = 4*r**2 - 8. Let u(i) = i - 9. Let l be u(8). Let a(j) = l*h(j) - 5*z(j). What are the prime factors of a(5)?
3
Let p(o) be the second derivative of -3*o**5/10 + o**4/12 + o**3/6 + o**2/2 + 3*o. List the prime factors of p(-1).
7
Suppose -4*o + 24 = -20. List the prime factors of o.
11
Suppose 3*j - 201 = 3*z, -5*z + 268 = 7*j - 3*j. What are the prime factors of j?
67
L